{"id":283,"date":"2023-11-30T21:24:54","date_gmt":"2023-12-01T01:24:54","guid":{"rendered":"https:\/\/www.vinsavenezuela.net\/__2023\/?page_id=283"},"modified":"2024-11-07T07:34:46","modified_gmt":"2024-11-07T11:34:46","slug":"seguridad-en-accion","status":"publish","type":"page","link":"https:\/\/www.vinsavenezuela.net\/__2023\/seguridad-en-accion\/","title":{"rendered":"Seguridad en acci\u00f3n"},"content":{"rendered":"\t\t<div data-elementor-type=\"wp-page\" data-elementor-id=\"283\" class=\"elementor elementor-283\">\n\t\t\t\t<div class=\"elementor-element elementor-element-994612e e-flex e-con-boxed e-con e-parent\" data-id=\"994612e\" data-element_type=\"container\" data-e-type=\"container\">\n\t\t\t\t\t<div class=\"e-con-inner\">\n\t\t\t\t<div class=\"elementor-element elementor-element-64ac30b elementor-widget elementor-widget-shortcode\" data-id=\"64ac30b\" data-element_type=\"widget\" data-e-type=\"widget\" data-widget_type=\"shortcode.default\">\n\t\t\t\t<div class=\"elementor-widget-container\">\n\t\t\t\t\t\t\t<div class=\"elementor-shortcode\"><\/div>\n\t\t\t\t\t\t<\/div>\n\t\t\t\t<\/div>\n\t\t\t\t\t<\/div>\n\t\t\t\t<\/div>\n\t\t<div class=\"elementor-element elementor-element-fdc6f95 e-con-full e-flex e-con e-parent\" data-id=\"fdc6f95\" data-element_type=\"container\" data-e-type=\"container\">\n\t\t<div class=\"elementor-element elementor-element-9f8e8fa e-con-full e-flex elementor-invisible e-con e-child\" data-id=\"9f8e8fa\" data-element_type=\"container\" data-e-type=\"container\" data-settings=\"{&quot;animation&quot;:&quot;fadeInRight&quot;}\">\n\t\t\t\t<div class=\"elementor-element elementor-element-5069080 elementor-widget elementor-widget-image\" data-id=\"5069080\" data-element_type=\"widget\" data-e-type=\"widget\" data-widget_type=\"image.default\">\n\t\t\t\t<div class=\"elementor-widget-container\">\n\t\t\t\t\t\t\t\t\t\t\t\t\t\t\t<img fetchpriority=\"high\" decoding=\"async\" width=\"698\" height=\"406\" src=\"https:\/\/www.vinsavenezuela.net\/__2023\/wp-content\/uploads\/2023\/11\/index_destacadas5.jpg\" class=\"attachment-large size-large wp-image-159\" alt=\"\" srcset=\"https:\/\/www.vinsavenezuela.net\/__2023\/wp-content\/uploads\/2023\/11\/index_destacadas5.jpg 698w, https:\/\/www.vinsavenezuela.net\/__2023\/wp-content\/uploads\/2023\/11\/index_destacadas5-300x174.jpg 300w, https:\/\/www.vinsavenezuela.net\/__2023\/wp-content\/uploads\/2023\/11\/index_destacadas5-230x134.jpg 230w, https:\/\/www.vinsavenezuela.net\/__2023\/wp-content\/uploads\/2023\/11\/index_destacadas5-350x204.jpg 350w, https:\/\/www.vinsavenezuela.net\/__2023\/wp-content\/uploads\/2023\/11\/index_destacadas5-480x279.jpg 480w\" sizes=\"(max-width: 698px) 100vw, 698px\" \/>\t\t\t\t\t\t\t\t\t\t\t\t\t\t\t<\/div>\n\t\t\t\t<\/div>\n\t\t\t\t<\/div>\n\t\t<div class=\"elementor-element elementor-element-926bb3e e-con-full e-flex elementor-invisible e-con e-child\" data-id=\"926bb3e\" data-element_type=\"container\" data-e-type=\"container\" data-settings=\"{&quot;animation&quot;:&quot;fadeInLeft&quot;}\">\n\t\t\t\t<div class=\"elementor-element elementor-element-8f5630f elementor-widget elementor-widget-heading\" data-id=\"8f5630f\" data-element_type=\"widget\" data-e-type=\"widget\" data-widget_type=\"heading.default\">\n\t\t\t\t<div class=\"elementor-widget-container\">\n\t\t\t\t\t<h2 class=\"elementor-heading-title elementor-size-default\">Vinsa Grupo Amarante<\/h2>\t\t\t\t<\/div>\n\t\t\t\t<\/div>\n\t\t\t\t<div class=\"elementor-element elementor-element-18040ad elementor-widget elementor-widget-text-editor\" data-id=\"18040ad\" data-element_type=\"widget\" data-e-type=\"widget\" data-widget_type=\"text-editor.default\">\n\t\t\t\t<div class=\"elementor-widget-container\">\n\t\t\t\t\t\t\t\t\t<p><strong>\u00bfTe preocupa la seguridad de tu familia, tu negocio o tus bienes?<\/strong><\/p><p>En VINSA Grupo Amarante, somos la acci\u00f3n que tu seguridad necesita. Ofrecemos soluciones integrales de seguridad personalizadas para proteger lo que m\u00e1s te importa.<\/p><p>M\u00e1s que palabras, te mostramos nuestra acci\u00f3n:<\/p><p>Explora nuestra galer\u00eda de videos y descubre c\u00f3mo hemos ayudado a otros clientes a enfrentar sus desaf\u00edos de seguridad:<\/p><p><br \/><br \/><\/p>\t\t\t\t\t\t\t\t<\/div>\n\t\t\t\t<\/div>\n\t\t\t\t<\/div>\n\t\t\t\t<\/div>\n\t\t<div class=\"elementor-element elementor-element-2749f48 e-con-full e-flex e-con e-parent\" data-id=\"2749f48\" data-element_type=\"container\" data-e-type=\"container\">\n\t\t\t\t<div class=\"elementor-element elementor-element-4ab72bb elementor-widget elementor-widget-spacer\" data-id=\"4ab72bb\" data-element_type=\"widget\" data-e-type=\"widget\" data-widget_type=\"spacer.default\">\n\t\t\t\t<div class=\"elementor-widget-container\">\n\t\t\t\t\t\t\t<div class=\"elementor-spacer\">\n\t\t\t<div class=\"elementor-spacer-inner\"><\/div>\n\t\t<\/div>\n\t\t\t\t\t\t<\/div>\n\t\t\t\t<\/div>\n\t\t\t\t<div class=\"elementor-element elementor-element-d0e41c3 elementor-invisible elementor-widget elementor-widget-heading\" data-id=\"d0e41c3\" data-element_type=\"widget\" data-e-type=\"widget\" data-settings=\"{&quot;_animation&quot;:&quot;fadeInRight&quot;}\" data-widget_type=\"heading.default\">\n\t\t\t\t<div class=\"elementor-widget-container\">\n\t\t\t\t\t<h2 class=\"elementor-heading-title elementor-size-default\">La seguridad es muestro compromiso<\/h2>\t\t\t\t<\/div>\n\t\t\t\t<\/div>\n\t\t\t\t<\/div>\n\t\t<div class=\"elementor-element elementor-element-5fd7205 e-con-full e-flex e-con e-parent\" data-id=\"5fd7205\" data-element_type=\"container\" data-e-type=\"container\">\n\t\t<div class=\"elementor-element elementor-element-59bd984 e-con-full animated-slow e-flex elementor-invisible e-con e-child\" data-id=\"59bd984\" data-element_type=\"container\" data-e-type=\"container\" data-settings=\"{&quot;animation&quot;:&quot;fadeInUp&quot;,&quot;animation_delay&quot;:1}\">\n\t\t\t\t<div class=\"elementor-element elementor-element-6b66152 elementor-widget elementor-widget-image\" data-id=\"6b66152\" data-element_type=\"widget\" data-e-type=\"widget\" data-widget_type=\"image.default\">\n\t\t\t\t<div class=\"elementor-widget-container\">\n\t\t\t\t\t\t\t\t\t\t\t\t\t\t\t<img decoding=\"async\" width=\"900\" height=\"600\" src=\"https:\/\/www.vinsavenezuela.net\/__2023\/wp-content\/uploads\/2023\/11\/trabajador-manual-irreconocible-escribiendo-cordones-sitio-construccion_637285-8190.jpg\" class=\"attachment-large size-large wp-image-311\" alt=\"\" srcset=\"https:\/\/www.vinsavenezuela.net\/__2023\/wp-content\/uploads\/2023\/11\/trabajador-manual-irreconocible-escribiendo-cordones-sitio-construccion_637285-8190.jpg 900w, https:\/\/www.vinsavenezuela.net\/__2023\/wp-content\/uploads\/2023\/11\/trabajador-manual-irreconocible-escribiendo-cordones-sitio-construccion_637285-8190-300x200.jpg 300w, https:\/\/www.vinsavenezuela.net\/__2023\/wp-content\/uploads\/2023\/11\/trabajador-manual-irreconocible-escribiendo-cordones-sitio-construccion_637285-8190-768x512.jpg 768w, https:\/\/www.vinsavenezuela.net\/__2023\/wp-content\/uploads\/2023\/11\/trabajador-manual-irreconocible-escribiendo-cordones-sitio-construccion_637285-8190-230x153.jpg 230w, https:\/\/www.vinsavenezuela.net\/__2023\/wp-content\/uploads\/2023\/11\/trabajador-manual-irreconocible-escribiendo-cordones-sitio-construccion_637285-8190-350x233.jpg 350w, https:\/\/www.vinsavenezuela.net\/__2023\/wp-content\/uploads\/2023\/11\/trabajador-manual-irreconocible-escribiendo-cordones-sitio-construccion_637285-8190-480x320.jpg 480w\" sizes=\"(max-width: 900px) 100vw, 900px\" \/>\t\t\t\t\t\t\t\t\t\t\t\t\t\t\t<\/div>\n\t\t\t\t<\/div>\n\t\t\t\t<\/div>\n\t\t<div class=\"elementor-element elementor-element-c83c539 e-con-full animated-slow e-flex elementor-invisible e-con e-child\" data-id=\"c83c539\" data-element_type=\"container\" data-e-type=\"container\" data-settings=\"{&quot;animation&quot;:&quot;fadeInUp&quot;,&quot;animation_delay&quot;:2}\">\n\t\t\t\t<div class=\"elementor-element elementor-element-e360329 elementor-widget elementor-widget-image\" data-id=\"e360329\" data-element_type=\"widget\" data-e-type=\"widget\" data-widget_type=\"image.default\">\n\t\t\t\t<div class=\"elementor-widget-container\">\n\t\t\t\t\t\t\t\t\t\t\t\t\t\t\t<img decoding=\"async\" width=\"900\" height=\"600\" src=\"https:\/\/www.vinsavenezuela.net\/__2023\/wp-content\/uploads\/2024\/02\/1.jpg\" class=\"attachment-large size-large wp-image-435\" alt=\"\" srcset=\"https:\/\/www.vinsavenezuela.net\/__2023\/wp-content\/uploads\/2024\/02\/1.jpg 900w, https:\/\/www.vinsavenezuela.net\/__2023\/wp-content\/uploads\/2024\/02\/1-300x200.jpg 300w, https:\/\/www.vinsavenezuela.net\/__2023\/wp-content\/uploads\/2024\/02\/1-768x512.jpg 768w, https:\/\/www.vinsavenezuela.net\/__2023\/wp-content\/uploads\/2024\/02\/1-230x153.jpg 230w, https:\/\/www.vinsavenezuela.net\/__2023\/wp-content\/uploads\/2024\/02\/1-350x233.jpg 350w, https:\/\/www.vinsavenezuela.net\/__2023\/wp-content\/uploads\/2024\/02\/1-480x320.jpg 480w\" sizes=\"(max-width: 900px) 100vw, 900px\" \/>\t\t\t\t\t\t\t\t\t\t\t\t\t\t\t<\/div>\n\t\t\t\t<\/div>\n\t\t\t\t<\/div>\n\t\t<div class=\"elementor-element elementor-element-8a7b5a3 e-con-full animated-slow e-flex elementor-invisible e-con e-child\" data-id=\"8a7b5a3\" data-element_type=\"container\" data-e-type=\"container\" data-settings=\"{&quot;animation&quot;:&quot;fadeInUp&quot;,&quot;animation_delay&quot;:1}\">\n\t\t\t\t<div class=\"elementor-element elementor-element-cbea430 elementor-widget elementor-widget-image\" data-id=\"cbea430\" data-element_type=\"widget\" data-e-type=\"widget\" data-widget_type=\"image.default\">\n\t\t\t\t<div class=\"elementor-widget-container\">\n\t\t\t\t\t\t\t\t\t\t\t\t\t\t\t<img loading=\"lazy\" decoding=\"async\" width=\"900\" height=\"600\" src=\"https:\/\/www.vinsavenezuela.net\/__2023\/wp-content\/uploads\/2023\/11\/activo-lucha-muscular-persona-al-aire-libre_1157-2668.jpg\" class=\"attachment-large size-large wp-image-306\" alt=\"\" srcset=\"https:\/\/www.vinsavenezuela.net\/__2023\/wp-content\/uploads\/2023\/11\/activo-lucha-muscular-persona-al-aire-libre_1157-2668.jpg 900w, https:\/\/www.vinsavenezuela.net\/__2023\/wp-content\/uploads\/2023\/11\/activo-lucha-muscular-persona-al-aire-libre_1157-2668-300x200.jpg 300w, https:\/\/www.vinsavenezuela.net\/__2023\/wp-content\/uploads\/2023\/11\/activo-lucha-muscular-persona-al-aire-libre_1157-2668-768x512.jpg 768w, https:\/\/www.vinsavenezuela.net\/__2023\/wp-content\/uploads\/2023\/11\/activo-lucha-muscular-persona-al-aire-libre_1157-2668-230x153.jpg 230w, https:\/\/www.vinsavenezuela.net\/__2023\/wp-content\/uploads\/2023\/11\/activo-lucha-muscular-persona-al-aire-libre_1157-2668-350x233.jpg 350w, https:\/\/www.vinsavenezuela.net\/__2023\/wp-content\/uploads\/2023\/11\/activo-lucha-muscular-persona-al-aire-libre_1157-2668-480x320.jpg 480w\" sizes=\"(max-width: 900px) 100vw, 900px\" \/>\t\t\t\t\t\t\t\t\t\t\t\t\t\t\t<\/div>\n\t\t\t\t<\/div>\n\t\t\t\t<\/div>\n\t\t<div class=\"elementor-element elementor-element-25be18c e-con-full animated-slow e-flex elementor-invisible e-con e-child\" data-id=\"25be18c\" data-element_type=\"container\" data-e-type=\"container\" data-settings=\"{&quot;animation&quot;:&quot;fadeInUp&quot;,&quot;animation_delay&quot;:2}\">\n\t\t\t\t<div class=\"elementor-element elementor-element-d4d81b1 elementor-widget elementor-widget-image\" data-id=\"d4d81b1\" data-element_type=\"widget\" data-e-type=\"widget\" data-widget_type=\"image.default\">\n\t\t\t\t<div class=\"elementor-widget-container\">\n\t\t\t\t\t\t\t\t\t\t\t\t\t\t\t<img loading=\"lazy\" decoding=\"async\" width=\"900\" height=\"600\" src=\"https:\/\/www.vinsavenezuela.net\/__2023\/wp-content\/uploads\/2024\/11\/3_4.jpg\" class=\"attachment-large size-large wp-image-624\" alt=\"\" srcset=\"https:\/\/www.vinsavenezuela.net\/__2023\/wp-content\/uploads\/2024\/11\/3_4.jpg 900w, https:\/\/www.vinsavenezuela.net\/__2023\/wp-content\/uploads\/2024\/11\/3_4-300x200.jpg 300w, https:\/\/www.vinsavenezuela.net\/__2023\/wp-content\/uploads\/2024\/11\/3_4-768x512.jpg 768w, https:\/\/www.vinsavenezuela.net\/__2023\/wp-content\/uploads\/2024\/11\/3_4-230x153.jpg 230w, https:\/\/www.vinsavenezuela.net\/__2023\/wp-content\/uploads\/2024\/11\/3_4-350x233.jpg 350w, https:\/\/www.vinsavenezuela.net\/__2023\/wp-content\/uploads\/2024\/11\/3_4-480x320.jpg 480w\" sizes=\"(max-width: 900px) 100vw, 900px\" \/>\t\t\t\t\t\t\t\t\t\t\t\t\t\t\t<\/div>\n\t\t\t\t<\/div>\n\t\t\t\t<div class=\"elementor-element elementor-element-ab3717d elementor-widget elementor-widget-spacer\" data-id=\"ab3717d\" data-element_type=\"widget\" data-e-type=\"widget\" data-widget_type=\"spacer.default\">\n\t\t\t\t<div class=\"elementor-widget-container\">\n\t\t\t\t\t\t\t<div class=\"elementor-spacer\">\n\t\t\t<div class=\"elementor-spacer-inner\"><\/div>\n\t\t<\/div>\n\t\t\t\t\t\t<\/div>\n\t\t\t\t<\/div>\n\t\t\t\t<\/div>\n\t\t<div class=\"elementor-element elementor-element-60a0185 e-con-full animated-slow e-flex elementor-invisible e-con e-child\" data-id=\"60a0185\" data-element_type=\"container\" data-e-type=\"container\" data-settings=\"{&quot;animation&quot;:&quot;fadeInUp&quot;,&quot;animation_delay&quot;:1}\">\n\t\t\t\t<div class=\"elementor-element elementor-element-fbdb967 elementor-widget elementor-widget-image\" data-id=\"fbdb967\" data-element_type=\"widget\" data-e-type=\"widget\" data-widget_type=\"image.default\">\n\t\t\t\t<div class=\"elementor-widget-container\">\n\t\t\t\t\t\t\t\t\t\t\t\t\t\t\t<img loading=\"lazy\" decoding=\"async\" width=\"900\" height=\"600\" src=\"https:\/\/www.vinsavenezuela.net\/__2023\/wp-content\/uploads\/2023\/11\/mujer-deportista-haciendo-estiramientos-calle_144627-24925.jpg\" class=\"attachment-large size-large wp-image-314\" alt=\"\" srcset=\"https:\/\/www.vinsavenezuela.net\/__2023\/wp-content\/uploads\/2023\/11\/mujer-deportista-haciendo-estiramientos-calle_144627-24925.jpg 900w, https:\/\/www.vinsavenezuela.net\/__2023\/wp-content\/uploads\/2023\/11\/mujer-deportista-haciendo-estiramientos-calle_144627-24925-300x200.jpg 300w, https:\/\/www.vinsavenezuela.net\/__2023\/wp-content\/uploads\/2023\/11\/mujer-deportista-haciendo-estiramientos-calle_144627-24925-768x512.jpg 768w, https:\/\/www.vinsavenezuela.net\/__2023\/wp-content\/uploads\/2023\/11\/mujer-deportista-haciendo-estiramientos-calle_144627-24925-230x153.jpg 230w, https:\/\/www.vinsavenezuela.net\/__2023\/wp-content\/uploads\/2023\/11\/mujer-deportista-haciendo-estiramientos-calle_144627-24925-350x233.jpg 350w, https:\/\/www.vinsavenezuela.net\/__2023\/wp-content\/uploads\/2023\/11\/mujer-deportista-haciendo-estiramientos-calle_144627-24925-480x320.jpg 480w\" sizes=\"(max-width: 900px) 100vw, 900px\" \/>\t\t\t\t\t\t\t\t\t\t\t\t\t\t\t<\/div>\n\t\t\t\t<\/div>\n\t\t\t\t<\/div>\n\t\t<div class=\"elementor-element elementor-element-69a8bb8 e-con-full animated-slow e-flex elementor-invisible e-con e-child\" data-id=\"69a8bb8\" data-element_type=\"container\" data-e-type=\"container\" data-settings=\"{&quot;animation&quot;:&quot;fadeInUp&quot;,&quot;animation_delay&quot;:2}\">\n\t\t\t\t<div class=\"elementor-element elementor-element-b71899f elementor-widget elementor-widget-image\" data-id=\"b71899f\" data-element_type=\"widget\" data-e-type=\"widget\" data-widget_type=\"image.default\">\n\t\t\t\t<div class=\"elementor-widget-container\">\n\t\t\t\t\t\t\t\t\t\t\t\t\t\t\t<img loading=\"lazy\" decoding=\"async\" width=\"900\" height=\"600\" src=\"https:\/\/www.vinsavenezuela.net\/__2023\/wp-content\/uploads\/2024\/02\/2.jpg\" class=\"attachment-large size-large wp-image-436\" alt=\"\" srcset=\"https:\/\/www.vinsavenezuela.net\/__2023\/wp-content\/uploads\/2024\/02\/2.jpg 900w, https:\/\/www.vinsavenezuela.net\/__2023\/wp-content\/uploads\/2024\/02\/2-300x200.jpg 300w, https:\/\/www.vinsavenezuela.net\/__2023\/wp-content\/uploads\/2024\/02\/2-768x512.jpg 768w, https:\/\/www.vinsavenezuela.net\/__2023\/wp-content\/uploads\/2024\/02\/2-230x153.jpg 230w, https:\/\/www.vinsavenezuela.net\/__2023\/wp-content\/uploads\/2024\/02\/2-350x233.jpg 350w, https:\/\/www.vinsavenezuela.net\/__2023\/wp-content\/uploads\/2024\/02\/2-480x320.jpg 480w\" sizes=\"(max-width: 900px) 100vw, 900px\" \/>\t\t\t\t\t\t\t\t\t\t\t\t\t\t\t<\/div>\n\t\t\t\t<\/div>\n\t\t\t\t<\/div>\n\t\t\t\t<\/div>\n\t\t<div class=\"elementor-element elementor-element-d2521a7 e-con-full e-flex e-con e-parent\" data-id=\"d2521a7\" data-element_type=\"container\" data-e-type=\"container\">\n\t\t\t\t<div class=\"elementor-element elementor-element-dc812ff elementor-widget elementor-widget-heading\" data-id=\"dc812ff\" data-element_type=\"widget\" data-e-type=\"widget\" data-widget_type=\"heading.default\">\n\t\t\t\t<div class=\"elementor-widget-container\">\n\t\t\t\t\t<h2 class=\"elementor-heading-title elementor-size-default\">Tips de seguridad<\/h2>\t\t\t\t<\/div>\n\t\t\t\t<\/div>\n\t\t\t\t<\/div>\n\t\t<div class=\"elementor-element elementor-element-23129f9 animated-slow e-flex e-con-boxed elementor-invisible e-con e-parent\" data-id=\"23129f9\" data-element_type=\"container\" data-e-type=\"container\" data-settings=\"{&quot;animation&quot;:&quot;fadeIn&quot;}\">\n\t\t\t\t\t<div class=\"e-con-inner\">\n\t\t<div class=\"elementor-element elementor-element-4517a36 e-con-full e-flex e-con e-child\" data-id=\"4517a36\" data-element_type=\"container\" data-e-type=\"container\">\n\t\t\t\t<div class=\"elementor-element elementor-element-863d973 elementor-widget elementor-widget-video\" data-id=\"863d973\" data-element_type=\"widget\" data-e-type=\"widget\" data-settings=\"{&quot;youtube_url&quot;:&quot;https:\\\/\\\/www.youtube.com\\\/watch?v=VNjO26VgEyA&quot;,&quot;video_type&quot;:&quot;youtube&quot;,&quot;controls&quot;:&quot;yes&quot;}\" data-widget_type=\"video.default\">\n\t\t\t\t<div class=\"elementor-widget-container\">\n\t\t\t\t\t\t\t<div class=\"elementor-wrapper elementor-open-inline\">\n\t\t\t<div class=\"elementor-video\"><\/div>\t\t<\/div>\n\t\t\t\t\t\t<\/div>\n\t\t\t\t<\/div>\n\t\t\t\t<\/div>\n\t\t<div class=\"elementor-element elementor-element-7d96923 e-con-full e-flex e-con e-child\" data-id=\"7d96923\" data-element_type=\"container\" data-e-type=\"container\">\n\t\t\t\t<div class=\"elementor-element elementor-element-dc03d73 elementor-widget elementor-widget-video\" data-id=\"dc03d73\" data-element_type=\"widget\" data-e-type=\"widget\" data-settings=\"{&quot;youtube_url&quot;:&quot;https:\\\/\\\/www.youtube.com\\\/watch?v=tz3BLzw5m-4&quot;,&quot;video_type&quot;:&quot;youtube&quot;,&quot;controls&quot;:&quot;yes&quot;}\" data-widget_type=\"video.default\">\n\t\t\t\t<div class=\"elementor-widget-container\">\n\t\t\t\t\t\t\t<div class=\"elementor-wrapper elementor-open-inline\">\n\t\t\t<div class=\"elementor-video\"><\/div>\t\t<\/div>\n\t\t\t\t\t\t<\/div>\n\t\t\t\t<\/div>\n\t\t\t\t<\/div>\n\t\t\t\t\t<\/div>\n\t\t\t\t<\/div>\n\t\t<div class=\"elementor-element elementor-element-f8c91d9 animated-slow e-flex e-con-boxed elementor-invisible e-con e-parent\" data-id=\"f8c91d9\" data-element_type=\"container\" data-e-type=\"container\" data-settings=\"{&quot;animation&quot;:&quot;fadeIn&quot;}\">\n\t\t\t\t\t<div class=\"e-con-inner\">\n\t\t<div class=\"elementor-element elementor-element-dca48a2 e-con-full e-flex e-con e-child\" data-id=\"dca48a2\" data-element_type=\"container\" data-e-type=\"container\">\n\t\t\t\t<\/div>\n\t\t<div class=\"elementor-element elementor-element-246b980 e-con-full e-flex e-con e-child\" data-id=\"246b980\" data-element_type=\"container\" data-e-type=\"container\">\n\t\t\t\t<div class=\"elementor-element elementor-element-e842e5e elementor-widget elementor-widget-video\" data-id=\"e842e5e\" data-element_type=\"widget\" data-e-type=\"widget\" data-settings=\"{&quot;video_type&quot;:&quot;hosted&quot;,&quot;controls&quot;:&quot;yes&quot;}\" data-widget_type=\"video.default\">\n\t\t\t\t<div class=\"elementor-widget-container\">\n\t\t\t\t\t\t\t<div class=\"e-hosted-video elementor-wrapper elementor-open-inline\">\n\t\t\t\t\t<video class=\"elementor-video\" src=\"https:\/\/www.vinsavenezuela.net\/__2023\/wp-content\/uploads\/2024\/02\/vinsa_video.mp4\" controls=\"\" preload=\"metadata\" controlsList=\"nodownload\"><\/video>\n\t\t\t\t<\/div>\n\t\t\t\t\t\t<\/div>\n\t\t\t\t<\/div>\n\t\t\t\t<\/div>\n\t\t<div class=\"elementor-element elementor-element-924ebad e-con-full e-flex e-con e-child\" data-id=\"924ebad\" data-element_type=\"container\" data-e-type=\"container\">\n\t\t\t\t<\/div>\n\t\t\t\t\t<\/div>\n\t\t\t\t<\/div>\n\t\t<div class=\"elementor-element elementor-element-66fa377 e-flex e-con-boxed e-con e-parent\" data-id=\"66fa377\" data-element_type=\"container\" data-e-type=\"container\">\n\t\t\t\t\t<div class=\"e-con-inner\">\n\t\t<div class=\"elementor-element elementor-element-a80cb24 e-con-full e-flex e-con e-child\" data-id=\"a80cb24\" data-element_type=\"container\" data-e-type=\"container\">\n\t\t\t\t<div class=\"elementor-element elementor-element-6e3adcc elementor-widget elementor-widget-spacer\" data-id=\"6e3adcc\" data-element_type=\"widget\" data-e-type=\"widget\" data-widget_type=\"spacer.default\">\n\t\t\t\t<div class=\"elementor-widget-container\">\n\t\t\t\t\t\t\t<div class=\"elementor-spacer\">\n\t\t\t<div class=\"elementor-spacer-inner\"><\/div>\n\t\t<\/div>\n\t\t\t\t\t\t<\/div>\n\t\t\t\t<\/div>\n\t\t\t\t<div class=\"elementor-element elementor-element-4a78981 elementor-invisible elementor-widget elementor-widget-image\" data-id=\"4a78981\" data-element_type=\"widget\" data-e-type=\"widget\" data-settings=\"{&quot;_animation&quot;:&quot;fadeInRight&quot;}\" data-widget_type=\"image.default\">\n\t\t\t\t<div class=\"elementor-widget-container\">\n\t\t\t\t\t\t\t\t\t\t\t\t\t\t\t<img loading=\"lazy\" decoding=\"async\" width=\"698\" height=\"406\" src=\"https:\/\/www.vinsavenezuela.net\/__2023\/wp-content\/uploads\/2024\/02\/index_destacadasx.jpg\" class=\"attachment-large size-large wp-image-410\" alt=\"\" srcset=\"https:\/\/www.vinsavenezuela.net\/__2023\/wp-content\/uploads\/2024\/02\/index_destacadasx.jpg 698w, https:\/\/www.vinsavenezuela.net\/__2023\/wp-content\/uploads\/2024\/02\/index_destacadasx-300x174.jpg 300w, https:\/\/www.vinsavenezuela.net\/__2023\/wp-content\/uploads\/2024\/02\/index_destacadasx-230x134.jpg 230w, https:\/\/www.vinsavenezuela.net\/__2023\/wp-content\/uploads\/2024\/02\/index_destacadasx-350x204.jpg 350w, https:\/\/www.vinsavenezuela.net\/__2023\/wp-content\/uploads\/2024\/02\/index_destacadasx-480x279.jpg 480w\" sizes=\"(max-width: 698px) 100vw, 698px\" \/>\t\t\t\t\t\t\t\t\t\t\t\t\t\t\t<\/div>\n\t\t\t\t<\/div>\n\t\t\t\t<\/div>\n\t\t<div class=\"elementor-element elementor-element-9d43bca e-con-full e-flex e-con e-child\" data-id=\"9d43bca\" data-element_type=\"container\" data-e-type=\"container\">\n\t\t\t\t<div class=\"elementor-element elementor-element-eba7723 elementor-widget elementor-widget-spacer\" data-id=\"eba7723\" data-element_type=\"widget\" data-e-type=\"widget\" data-widget_type=\"spacer.default\">\n\t\t\t\t<div class=\"elementor-widget-container\">\n\t\t\t\t\t\t\t<div class=\"elementor-spacer\">\n\t\t\t<div class=\"elementor-spacer-inner\"><\/div>\n\t\t<\/div>\n\t\t\t\t\t\t<\/div>\n\t\t\t\t<\/div>\n\t\t\t\t<div class=\"elementor-element elementor-element-3da7a53 elementor-widget elementor-widget-text-editor\" data-id=\"3da7a53\" data-element_type=\"widget\" data-e-type=\"widget\" data-widget_type=\"text-editor.default\">\n\t\t\t\t<div class=\"elementor-widget-container\">\n\t\t\t\t\t\t\t\t\t<h4><strong>No esperes m\u00e1s, toma el control de tu seguridad.<\/strong><\/h4><p>Contacta con VINSA Grupo Amarante hoy mismo y recibe una evaluaci\u00f3n gratuita de tus necesidades.<\/p>\t\t\t\t\t\t\t\t<\/div>\n\t\t\t\t<\/div>\n\t\t\t\t<\/div>\n\t\t\t\t\t<\/div>\n\t\t\t\t<\/div>\n\t\t\t\t<\/div>\n\t\t","protected":false},"excerpt":{"rendered":"<p>Vinsa Grupo Amarante \u00bfTe preocupa la seguridad de tu familia, tu negocio o tus bienes? En VINSA Grupo Amarante, somos la acci\u00f3n [&hellip;]<\/p>\n","protected":false},"author":1,"featured_media":0,"parent":0,"menu_order":0,"comment_status":"closed","ping_status":"closed","template":"elementor_header_footer","meta":{"_acf_changed":false,"footnotes":""},"class_list":["post-283","page","type-page","status-publish","hentry"],"acf":[],"rttpg_featured_image_url":null,"rttpg_author":{"display_name":"adminvinsa","author_link":"https:\/\/www.vinsavenezuela.net\/__2023\/author\/adminvinsa\/"},"rttpg_comment":0,"rttpg_category":null,"rttpg_excerpt":"Vinsa Grupo Amarante \u00bfTe preocupa la seguridad de tu familia, tu negocio o tus bienes? En VINSA Grupo Amarante, somos la acci\u00f3n [&hellip;]","_links":{"self":[{"href":"https:\/\/www.vinsavenezuela.net\/__2023\/wp-json\/wp\/v2\/pages\/283","targetHints":{"allow":["GET"]}}],"collection":[{"href":"https:\/\/www.vinsavenezuela.net\/__2023\/wp-json\/wp\/v2\/pages"}],"about":[{"href":"https:\/\/www.vinsavenezuela.net\/__2023\/wp-json\/wp\/v2\/types\/page"}],"author":[{"embeddable":true,"href":"https:\/\/www.vinsavenezuela.net\/__2023\/wp-json\/wp\/v2\/users\/1"}],"replies":[{"embeddable":true,"href":"https:\/\/www.vinsavenezuela.net\/__2023\/wp-json\/wp\/v2\/comments?post=283"}],"version-history":[{"count":37,"href":"https:\/\/www.vinsavenezuela.net\/__2023\/wp-json\/wp\/v2\/pages\/283\/revisions"}],"predecessor-version":[{"id":627,"href":"https:\/\/www.vinsavenezuela.net\/__2023\/wp-json\/wp\/v2\/pages\/283\/revisions\/627"}],"wp:attachment":[{"href":"https:\/\/www.vinsavenezuela.net\/__2023\/wp-json\/wp\/v2\/media?parent=283"}],"curies":[{"name":"wp","href":"https:\/\/api.w.org\/{rel}","templated":true}]}}